*m = -30, w - 6*w - 4*m + 117 = 0. Suppose -2*g = -2*t, 4*g - 3*g = 5*t - 12. What is the highest common factor of t and w?
3
Suppose 8*a - 33 = 5*a. What is the greatest common factor of a and 77?
11
Suppose 0 = -5*t + 4*t + 4. What is the highest common divisor of 20 and t?
4
Let q = 5 - -16. Let u be (-372)/(-9) + 12/18. What is the greatest common factor of u and q?
21
Let v = 17 - 13. What is the greatest common factor of v and 6?
2
Let c(t) = -t**2 + 8*t - 8. Let s be c(6). Suppose -7*p + s*p + 87 = 0. Calculate the greatest common divisor of 261 and p.
29
Let a be (15/(-2))/(3/(-54)). Calculate the greatest common divisor of a and 27.
27
Let j = -55 + 57. What is the greatest common divisor of 1 and j?
1
Suppose -v + 3 = -4. Let o(l) = l**3 - 5*l**2 + 7. Let f be o(5). What is the greatest common divisor of f and v?
7
Suppose -2*i + 108 + 20 = 0. Suppose -u + 2*u - i = 0. Calculate the highest common divisor of u and 8.
8
Suppose 5*p + 0*p = 55. Let y = p + -5. Calculate the greatest common factor of 42 and y.
6
Suppose 0 = -j - 4*j. Suppose -5*i + 15 = -j*i. Let v(b) = b + 4. Let u be v(i). Calculate the greatest common divisor of u and 28.
7
Let i be ((-4)/3 + 1)/(32/(-96)). Calculate the greatest common divisor of 2 and i.
1
Let x be ((-1)/(-2))/((-4)/(-24)). Suppose -2*j = 4*p + 80, x*p + 0*p - 102 = 3*j. Let i = j - -50. What is the greatest common factor of i and 7?
7
Let v = -83 + 97. Calculate the greatest common factor of 84 and v.
14
Let r = -22 - -9. Let g = -5 - r. What is the highest common factor of g and 72?
8
Let h = -22 - -102. Suppose -107 = -4*z - 5*w, 5*z = z + 4*w + h. What is the greatest common divisor of z and 115?
23
Let y = 47 - 6. What is the highest common divisor of 328 and y?
41
Suppose -20 = -2*h - 3*h. What is the greatest common factor of 4 and h?
4
Let y(v) = v**3 - 7*v**2 + 4*v - 7. Let s be y(7). Let t be (-2)/(-4) - 627/(-6). Calculate the greatest common factor of t and s.
21
Suppose -10 = -5*y, y = -2*z + 4*y. Let h = 33 + -27. Calculate the highest common factor of h and z.
3
Let v be 90/(-24)*(-1 - -21). Let o = v + 166. What is the greatest common divisor of o and 13?
13
Suppose 3*s - 44 = h - 5*h, 3*s + 33 = 3*h. Let d = 1 - -98. Let o = h + d. What is the highest common factor of 10 and o?
10
Let p(m) = m**3 + 6*m**2 + 3*m + 10. Let q be p(-5). What is the highest common factor of q and 20?
20
Suppose -4*d = -3*a + 213, -d = d - 6. What is the highest common factor of a and 15?
15
Let c(q) = 14*q**2 - q + 4. Let x be c(4). Suppose x = 4*i - 136. What is the greatest common divisor of 10 and i?
10
Let r(g) = -g**3 + 4*g**2 - 2*g - 3. Let i be r(3). Suppose -3*p = -5*k - 16, i*p = -3*p - 3*k. Calculate the greatest common divisor of p and 14.
2
Let u = -7 - -12. Suppose 5*w - u*i = -1 + 11, 2*w - i - 9 = 0. What is the highest common factor of w and 1?
1
Let r = 60 + -16. What is the highest common factor of r and 66?
22
Suppose 5*i - 5 = 10. Suppose i*k = -k + 288. What is the highest common factor of 8 and k?
8
Suppose -3*w + 9 = -3*k, 0*w + 20 = 4*w. Let d be 6 - (0 - k - -3). Calculate the greatest common factor of 35 and d.
5
Suppose 25 = -8*a + 33. Calculate the greatest common factor of a and 7.
1
Suppose -11 + 30 = s. Let o = 5 + s. What is the highest common divisor of 8 and o?
8
Let x(o) = 14*o. Let k be x(1). Let l be 21/6*24/k. Suppose 12 = 3*f - l. Calculate the highest common divisor of 4 and f.
2
Let a = 354 - 213. Let h = a + -71. What is the greatest common divisor of 10 and h?
10
Let z = -15 + 9. Let p be 58/z - (-6)/9. Let m be (-60)/p*6/4. Calculate the highest common factor of 25 and m.
5
Suppose 5*q = q + 12. Let u be (q - 0)/1 + 1. Suppose -u*t + 91 = 19. What is the highest common factor of 6 and t?
6
Suppose -4*p - 2*h + 106 = 0, -2*p + 5*h = -7*p + 140. What is the highest common factor of 10 and p?
5
Let n(b) be the third derivative of b**6/120 + b**5/15 - 5*b**4/24 - 5*b**3/6 - 3*b**2. Let w be n(-4). Calculate the greatest common divisor of 15 and w.
15
Let p = 30 + -15. Let b = 6 - -6. Suppose b = -3*s + 7*s. Calculate the highest common factor of p and s.
3
Suppose -6 + 2 = -2*n. Let u(d) = -d**3 + 4*d**2 + 2. Let p be u(n). What is the greatest common divisor of p and 2?
2
Let y = 14 + -6. Let n(x) = x**2 + 3*x + 12. Let m be n(4). What is the highest common divisor of y and m?
8
Let f = 24 + 9. Calculate the highest common divisor of f and 22.
11
Suppose -n + z = -140, 0 - 3 = -z. What is the greatest common factor of 11 and n?
11
Suppose 3*s + 2*s + 85 = 0. Let d = -10 - s. What is the highest common divisor of d and 77?
7
Let i be -1 - 2 - (9 - 7). Let k(f) = -f**2 - 4*f + 1. Let b be k(i). Let o be b/14 + (-270)/(-14). Calculate the greatest common divisor of o and 209.
19
Let b = 7 - 3. Let x = -50 - -149. Suppose -u + b*u - h = x, 3*h = -5*u + 165. What is the highest common factor of u and 22?
11
Let t(l) = -99*l + 5. Let s be t(-1). What is the greatest common divisor of 13 and s?
13
Suppose -f - 60 = -5*f. What is the greatest common divisor of 120 and f?
15
Suppose 0 = -3*b + 6*b - 36. Calculate the highest common factor of b and 132.
12
Suppose 0*d = 4*i - 2*d - 54, i - 21 = -d. What is the highest common divisor of 8 and i?
8
Let q = 0 - -19. Let j be 1 - (-3 + 2 - 0). Suppose -j*u = -d - q + 107, -4*d + 4*u = -352. Calculate the highest common factor of d and 8.
8
Suppose 0 = -5*h + 4*z - 2, 2*h + 2 = -z + 3*z. Let y be (h + 1 + 0)*2. Let r = 1 + 1. Calculate the highest common divisor of y and r.
2
Suppose 0 = -4*f + 5*m + 260, -f - 2*f + 5*m + 200 = 0. What is the greatest common factor of f and 30?
30
Suppose 0 = -d - d - 54. Let o = 47 + d. What is the highest common divisor of 20 and o?
20
Let f = -3 + 6. Suppose 4*x + 5 = -2*w + 49, 0 = -w - 3*x + 27. What is the highest common factor of f and w?
3
Let x be -6 + 6/1 + 272. What is the highest common divisor of 34 and x?
34
Suppose -33 - 399 = -4*p - 4*b, 4*p - 3*b - 418 = 0. Suppose 0 = -4*w + 114 + p. What is the highest common factor of w and 5?
5
Suppose 4*i = -4*d + 12, d + 7 = 3*i + i. Suppose 16 = i*z - z. Calculate the greatest common factor of z and 16.
16
Let h = -17 + 19. Suppose a - h*a = -7. Let y be (-2)/4 + (-127)/(-2). Calculate the highest common factor of a and y.
7
Let v(z) = z**2 - 4*z + 10. Let t be v(4). What is the highest common divisor of 70 and t?
10
Let v(s) = s**3 + 5*s**2 + 2*s - 5. Let x be v(-4). Suppose 0 = 5*b + 3*z - 64, 5*z - 4*z = -x*b + 40. Calculate the greatest common divisor of 56 and b.
14
Let x = -6 - -10. Let k(h) = h + 1. Let w be k(x). Suppose -4*i + 20 = -4*m, i - w*m - 13 = -i. Calculate the highest common factor of i and 16.
4
Let l(u) = 5*u - 18. Let r be l(15). What is the highest common divisor of r and 38?
19
Let m be 38/14 + (-2)/(-7). Suppose -m*d + 225 = -3*t, 6 = 2*t - 4. Let l = 16 - -16. What is the greatest common factor of l and d?
16
Let m be 105/12 + 3/12. Calculate the highest common divisor of m and 54.
9
Let g be (-5*20)/(-4) + 0 - 1. What is the highest common divisor of g and 60?
12
Suppose 4*y = -2*l + 186, -4*l + 0*y + 2*y + 402 = 0. Let j = l - 64. What is the greatest common divisor of j and 5?
5
Let d = 64 - 40. Suppose -108 = -19*o + 196. What is the greatest common factor of d and o?
8
Suppose 5*r - 9*r = 0. Suppose 4*m = 0, r*z = 5*z - 2*m - 440. What is the greatest common factor of z and 8?
8
Let i = 23 - -112. Calculate the highest common divisor of i and 15.
15
Let m = -3 - -11. Suppose -18*k + 17*k + 1 = 0. Calculate the greatest common divisor of m and k.
1
Suppose -b - 2 = i, 1 = -i - 0. Let k = b + 5. Suppose 3*w = -2*l + 52, -k*l = -3*w + l + 38. Calculate the highest common factor of w and 128.
16
Let g(h) = h**2 + 8*h + 7. Let o be g(-8). Suppose 12*v - 640 = o*v. Calculate the highest common factor of v and 16.
16
Suppose -5*d + 60 = 2*c, 0 = -5*d - 4*c + 80 - 20. Suppose 3*f - d = 2*f. Calculate the greatest common factor of f and 18.
6
Let q be (36/10)/(14/35). Suppose 4*s - q*s + 5*v = 0, -2*s + 3*v = 2. Suppose 6*x = s*x + 28. What is the greatest common divisor of 14 and x?
7
Let b be (((-14)/4)/(-1))/(5/30). What is the greatest common factor of 189 and b?
21
Suppose l + 3*l = 300. Suppose 0 = -5*g +